 to base 16.
-18d1
Convert 11a96 (base 11) to base 13.
7b3a
Convert -92e (base 16) to base 9.
-3201
Convert 1001110111101 (base 2) to base 13.
23b9
-12a5 (base 11) to base 10
-1688
5b54 (base 12) to base 4
2200300
-3f6 (base 16) to base 9
-1346
Convert -24032 (base 5) to base 14.
-903
Convert 1450514 (base 6) to base 15.
1a03a
What is -4776 (base 10) in base 14?
-1a52
Convert -243 (base 11) to base 4.
-10201
10025 (base 13) to base 11
1a533
Convert 120535 (base 6) to base 16.
294b
What is -211011012 (base 3) in base 5?
-1004101
323050 (base 6) to base 11
18a90
15b5 (base 15) to base 12
2852
-120220 (base 4) to base 14
-808
Convert -10220 (base 5) to base 9.
-841
433 (base 13) to base 15
32d
-1a8 (base 15) to base 16
-17f
Convert -4660 (base 10) to base 8.
-11064
What is 202 (base 12) in base 14?
16a
-2151 (base 6) to base 11
-414
What is -28890 (base 10) in base 3?
-1110122000
101111110101 (base 2) to base 8
5765
What is 11010010100010 (base 2) in base 16?
34a2
What is 3021003 (base 4) in base 3?
122122120
Convert 8748 (base 11) to base 5.
332142
What is -16e5 (base 15) in base 6?
-34512
What is -7cb0 (base 13) in base 16?
-448e
Convert 289a (base 16) to base 5.
313034
Convert -2200001 (base 3) to base 10.
-1945
What is 2a5b (base 13) in base 10?
6160
Convert 1604 (base 9) to base 16.
4c3
Convert -5c51 (base 14) to base 16.
-3f0f
What is -10300203 (base 4) in base 2?
-100110000100011
7166 (base 12) to base 14
46bc
What is 379 (base 13) in base 6?
2451
Convert 261 (base 7) to base 12.
b9
Convert 20311121 (base 4) to base 6.
435305
Convert -1153340 (base 6) to base 14.
-186a8
What is -211220001 (base 3) in base 16?
-412f
What is -c27 (base 16) in base 8?
-6047
Convert 1032 (base 11) to base 7.
3661
What is 100001000 (base 2) in base 14?
14c
Convert 33232 (base 6) to base 8.
11024
What is 305 (base 13) in base 7?
1331
What is 1062 (base 12) in base 6?
12202
Convert 6b6 (base 12) to base 4.
33222
Convert -1145 (base 7) to base 12.
-2b5
-92 (base 10) to base 9
-112
What is 196 (base 14) in base 15?
16d
1176 (base 12) to base 5
30322
-21114 (base 5) to base 6
-10305
Convert -4216 (base 8) to base 14.
-b26
76017 (base 8) to base 11
21952
What is -20000100 (base 3) in base 9?
-6010
What is 2430 (base 5) in base 10?
365
Convert 13259 (base 10) to base 12.
780b
-34152 (base 6) to base 3
-20121112
110141 (base 5) to base 7
14032
Convert -3138a (base 11) to base 6.
-551351
-567 (base 14) to base 2
-10000101111
What is 50415 (base 6) in base 15?
1e75
Convert -110010010000111 (base 2) to base 5.
-1310420
Convert -562 (base 7) to base 6.
-1201
Convert 152 (base 15) to base 7.
611
524 (base 6) to base 10
196
10002 (base 3) to base 12
6b
-2c21 (base 14) to base 5
-222434
What is 2c5 (base 14) in base 11?
474
What is -111001001010 (base 2) in base 15?
-113d
Convert 653 (base 8) to base 10.
427
What is 1015 (base 8) in base 7?
1350
-10530 (base 7) to base 10
-2667
What is 45302 (base 9) in base 8?
72666
946 (base 15) to base 4
200223
What is -10001011101 (base 2) in base 4?
-101131
What is 215136 (base 7) in base 5?
2202211
What is 21053 (base 7) in base 16?
143f
Convert 3103 (base 4) to base 16.
d3
What is 1202 (base 7) in base 3?
121102
32a (base 12) to base 13
29b
Convert -3676 (base 15) to base 14.
-4318
Convert -5667 (base 16) to base 3.
-1010100020
-5435 (base 11) to base 7
-26632
What is 231310 (base 7) in base 5?
2310224
-56b (base 16) to base 11
-1051
Convert 511 (base 10) to base 9.
627
-40a (base 13) to base 14
-370
-1663 (base 9) to base 14
-66c
Convert 833 (base 12) to base 5.
14231
Convert 10100101001 (base 2) to base 7.
3565
Convert 521 (base 8) to base 4.
11101
-418 (base 13) to base 16
-2b9
-11111001111 (base 2) to base 11
-1558
What is -253030 (base 6) in base 4?
-11202222
Convert 512 (base 10) to base 4.
20000
What is 221011 (base 3) in base 12?
487
4031 (base 12) to base 11
5248
Convert 10120 (base 3) to base 16.
60
What is -5257 (base 9) in base 5?
-110414
-111101011 (base 2) to base 5
-3431
Convert 10010011011100 (base 2) to base 4.
2103130
What is 2843 (base 9) in base 5?
32040
23312 (base 9) to base 5
444223
-2389 (base 14) to base 8
-14065
Convert -10d (base 16) to base 10.
-269
What is -2216 (base 8) in base 2?
-10010001110
Convert -2968 (base 12) to base 8.
-11340
Convert -1d5b (base 15) to base 6.
-45322
Convert -31b (base 15) to base 12.
-4a5
-1b970 (base 12) to base 11
-28996
What is -3b81 (base 12) in base 16?
-1ad1
What is 170 (base 11) in base 13?
123
What is 2022120 (base 3) in base 12?
b89
Convert c2 (base 14) to base 2.
10101010
32 (base 8) to base 6
42
Convert 3520 (base 7) to base 2.
10100001000
What is -30111 (base 5) in base 2?
-11101110010
What is 130 (base 6) in base 16?
36
What is -111321 (base 4) in base 8?
-2571
Convert 19d (base 15) to base 11.
30a
What is -2320 (base 13) in base 3?
-20202111
Convert 210102100 (base 3) to base 5.
444430
1044404 (base 5) to base 2
100100100101001
Convert -324443 (base 6) to base 3.
-1100222100
What is -31130 (base 9) in base 12?
-ba60
What is -3223 (base 8) in base 3?
-2022100
What is 80a (base 11) in base 3?
1100020
What is 2020121012 (base 3) in base 14?
12157
Convert -1726 (base 14) to base 7.
-15046
What is 242030 (base 6) in base 3?
1002001200
824b (base 16) to base 2
1000001001001011
-1152 (base 10) to base 13
-6a8
-14344 (base 7) to base 5
-111302
Convert -1000 (base 14) to base 12.
-1708
Convert 30 (base 14) to base 15.
2c
What is -7890 (base 15) in base 12?
-12960
What is -224324 (base 5) in base 16?
-1f99
Convert 202221 (base 3) to base 13.
346
264 (base 11) to base 13
1b0
What is 22322130 (base 4) in base 7?
244215
What is 38369 (base 10) in base 8?
112741
Convert 11100111000111 (base 2) to base 8.
34707
Convert 124202 (base 6) to base 3.
120111202
142 (base 7) to base 13
61
Convert 8785 (base 15) to base 11.
1a621
What is 110021 (base 3) in base 4?
11023
What is -60a (base 11) in base 6?
-3224
Convert 1670 (base 10) to base 7.
4604
Convert 711 (base 16) to base 2.
11100010001
-360 (base 13) to base 4
-21021
Convert -4ba0 (base 14) to base 5.
-411042
Convert -14465 (base 7) to base 2.
-111110110000
What is 517 (base 8) in base 9?
412
What is -152 (base 16) in base 10?
-338
2166 (base 7) to base 8
1417
-10111000001000 (base 2) to base 4
-2320020
What is -102001 (base 3) in base 9?
-361
What is -1011210 (base 3) in base 13?
-510
-2d45 (base 14) to base 6
-101253
Convert 10201 (base 3) to base 7.
202
What is -24b (base 14) in base 5?
-3314
-22421 (base 6) to base 3
-11100211
What is -b8d (base 15) in base 12?
-1614
What is 12133310 (base 4) in base 3?
1100111122
Convert -6ab (base 13) to base 5.
-14110
What is -294 (base 13) in base 10?
-459
-820 (base 14) to base 5
-22341
What is d (base 16) in base 2?
1101
-1415 (base 7) to base 9
-672
-412420 (base 5) to base 7
-54213
Convert -111220 (base 3) to base 14.
-1cb
Convert 4560 (base 7) to base 10.
1659
Convert -5656 (base 14) to base 7.
-61436
Convert 5942 (base 13) to base 7.
51422
360 (base 14) to base 3
220220
-47456 (base 8) to base 3
-1000210202
Convert -25150 (base 6) to base 13.
-1917
What is 3220133 (base 4) in base 3?
202102002
Convert -501 (base 14) to base 6.
-4313
-1104 (base 7) to base 15
-1b6
What is -3eb (base 16) in base 3?
-1101011
Convert -3614 (base 7) to base 12.
-932
What is -1368 (base 11) in base 14?
-904
What is 1505 (base 7) in base 5?
4333
What is 157 (base 16) in base 8?
527
3402 (base 5) to base 11
3a4
Convert 101130 (base 5) to base 6.
23122
12223 (base 4) to base 15
1d7
1110000000010110 (base 2) to base 15
11ee6
Convert 3716 (base 9) to base 7.
11034
What is -46200 (base 9) in base 13?
-11019
Convert 250 (base 13) to base 9.
487
What is 914 (base 12) in base 16?
520
What is -1100000101 (base 2) in base 11?
-643
What is 2672 (base 15) in base 12?
48bb
What is 13131 (base 6) in base 8?
3717
Convert 3503 (base 6) to base 4.
30333
What is -e98 (base 15) in base 2?
-110011011101
-162045 (base 7) to base 5
-2010212
112001 (base 3) to base 9
461
Convert 23631 (base 7) to base 8.
14003
What is e0 (base 16) in base 12?
168
Convert 5e5 (base 15) to base 16.
53c
What is 574 (base 11) in base 4?
22232
What is -6373 (base 11) in base 16?
-20ed
What is -103 (base 12) in base 14?
-a7
-1232 (base 15) to base 1